{"id":188,"date":"2022-08-01T15:02:33","date_gmt":"2022-08-01T15:02:33","guid":{"rendered":"https:\/\/michaelaoertli.org\/?page_id=188"},"modified":"2023-09-28T18:35:50","modified_gmt":"2023-09-28T18:35:50","slug":"agb","status":"publish","type":"page","link":"https:\/\/move-your-soul.ch\/index.php\/agb\/","title":{"rendered":"AGB"},"content":{"rendered":"\t\t<div data-elementor-type=\"wp-page\" data-elementor-id=\"188\" class=\"elementor elementor-188\" data-elementor-post-type=\"page\">\n\t\t\t\t\t\t<section class=\"elementor-section elementor-top-section elementor-element elementor-element-18d3331f elementor-section-boxed elementor-section-height-default elementor-section-height-default\" data-id=\"18d3331f\" data-element_type=\"section\" data-e-type=\"section\">\n\t\t\t\t\t\t<div class=\"elementor-container elementor-column-gap-default\">\n\t\t\t\t\t<div class=\"elementor-column elementor-col-100 elementor-top-column elementor-element elementor-element-22f2927e\" data-id=\"22f2927e\" data-element_type=\"column\" data-e-type=\"column\">\n\t\t\t<div class=\"elementor-widget-wrap elementor-element-populated\">\n\t\t\t\t\t\t<div class=\"elementor-element elementor-element-2ca7bf5 elementor-widget elementor-widget-image\" data-id=\"2ca7bf5\" data-element_type=\"widget\" data-e-type=\"widget\" data-widget_type=\"image.default\">\n\t\t\t\t<div class=\"elementor-widget-container\">\n\t\t\t\t\t\t\t\t\t\t\t\t\t\t\t<img decoding=\"async\" src=\"https:\/\/move-your-soul.ch\/wp-content\/uploads\/2022\/08\/placeholder-4.png\" title=\"\" alt=\"\" loading=\"lazy\" \/>\t\t\t\t\t\t\t\t\t\t\t\t\t\t\t<\/div>\n\t\t\t\t<\/div>\n\t\t\t\t\t<\/div>\n\t\t<\/div>\n\t\t\t\t\t<\/div>\n\t\t<\/section>\n\t\t\t\t<section class=\"elementor-section elementor-top-section elementor-element elementor-element-2a6f5c9e elementor-section-boxed elementor-section-height-default elementor-section-height-default\" data-id=\"2a6f5c9e\" data-element_type=\"section\" data-e-type=\"section\" data-settings=\"{&quot;background_background&quot;:&quot;classic&quot;}\">\n\t\t\t\t\t\t<div class=\"elementor-container elementor-column-gap-default\">\n\t\t\t\t\t<div class=\"elementor-column elementor-col-100 elementor-top-column elementor-element elementor-element-16be3384\" data-id=\"16be3384\" data-element_type=\"column\" data-e-type=\"column\">\n\t\t\t<div class=\"elementor-widget-wrap elementor-element-populated\">\n\t\t\t\t\t\t<div class=\"elementor-element elementor-element-73765e54 elementor-widget elementor-widget-heading\" data-id=\"73765e54\" data-element_type=\"widget\" data-e-type=\"widget\" data-widget_type=\"heading.default\">\n\t\t\t\t<div class=\"elementor-widget-container\">\n\t\t\t\t\t<h2 class=\"elementor-heading-title elementor-size-large\">AGB<\/h2>\t\t\t\t<\/div>\n\t\t\t\t<\/div>\n\t\t\t\t<div class=\"elementor-element elementor-element-64227066 elementor-widget elementor-widget-text-editor\" data-id=\"64227066\" data-element_type=\"widget\" data-e-type=\"widget\" data-widget_type=\"text-editor.default\">\n\t\t\t\t<div class=\"elementor-widget-container\">\n\t\t\t\t\t\t\t\t\t<p>2. Dezember 2021<\/p><p>I. Geltungsbereich der AGB<\/p><ol><li><p>Die folgenden allgemeinen Gesch\u00e4ftsbedingungen (AGB) gelten f\u00fcr alle Teilnehmenden an den Online-Kursen und Pr\u00e4senzseminaren, Einzelsessions Pr\u00e4senz oder online, Workshops, Aus- und Weiterbildungen sowie f\u00fcr alle K\u00e4ufer von Onlineprodukten die XXX anbietet.<\/p><\/li><li><p>Die AGB beruhen auf Schweizer Recht und gelten in der Schweiz und im Ausland, sofern die Parteien sie ausdr\u00fccklich oder stillschweigend anerkennen. \u00c4nderungen und Nebenabreden sind nur wirksam, wenn sie von beiden Parteien schriftlich vereinbart werden.<\/p><\/li><li><p>Sollte eine Bestimmung dieses Vertrages unwirksam sein oder werden oder der Vertrag eine L\u00fccke enthalten, so bleibt die Rechtswirksamkeit der \u00fcbrigen Bestimmungen hiervon unber\u00fchrt. Die unwirksame Bestimmung wird dann durch eine Regelung ersetzt, die dem Sinn der unwirksamen Bestimmung m\u00f6glichst nahekommt.<\/p><\/li><\/ol><p>II. Anmeldung und Kosten<\/p><ol><li><p>Die Anmeldung zu einem Pr\u00e4senzangebot gilt als verbindlich, sobald sie vom Veranstalter schriftlich best\u00e4tigt wird. Sie sollte mindestens vierzehn Tage vor Kursbeginn erfolgen. Bei Onlineangeboten ist der Vertrag verbindlich im Moment der Zahlung.<\/p><\/li><li><p>Die Kosten sind je nach Angebot unterschiedlich und sind in den Beschreibungen vermerkt. Sie gelten immer f\u00fcr eine Person. Nach erfolgter Anmeldung kann der Teilnehmende das Angebot online kaufen und mit Kreditkarte, Paypal oder Klarna bezahlen. Der Teilnehmende erh\u00e4lt Zugriff f\u00fcr auf einen gesch\u00fctzten Bereich.<\/p><\/li><\/ol><p>III. \u00a0 \u00a0Kursbearbeitung \/ Best\u00e4tigungen \/ Zertifikate<\/p><ol><li><p>Nachdem michaelaoertli.ch die Bezahlung erhalten hat, bekommen die Teilnehmenden Zugang zum betreffenden Kurs. Das Passwort berechtigt die Teilnehmenden auch dazu, bei Diskussionsforen, Beitr\u00e4gen, Chat und weiteren online-Aktivit\u00e4ten mitzumachen.<\/p><\/li><li><p>Die Teilnehmenden werden von XXX an den Werktagen zwischen 9 Uhr und 16 Uhr betreut. Es gilt eine Antwort-Wartezeit von 12 bis 24 Stunden. An Sonn- und Feiertagen gibt es keine Betreuung.<\/p><\/li><li><p>Der Veranstalter verpflichtet sich, veraltete Inhalte j\u00e4hrlich zu \u00fcberarbeiten und wo n\u00f6tig, weitere \u00c4nderungen im Ablauf und beim Inhalt vorzunehmen.<\/p><\/li><li><p>Teilnahmebest\u00e4tigungen und Zertifikate werden gem\u00e4ss den in der Ausschreibung publizierten Bedingungen abgegeben.<\/p><\/li><li><p>Beanstandungen und Reklamationen sind unverz\u00fcglich der Inhaberin der michaelaoertli.ch \u00a0zu melden, damit sich diese um Abhilfe bem\u00fchen kann. Aufgrund von Beanstandungen oder Reklamationen k\u00f6nnen keine Anspr\u00fcche geltend gemacht werden.<\/p><\/li><\/ol><p>IV. Technische Voraussetzungen<\/p><ol><li><p>Es ist Sache der Teilnehmenden, die technischen Voraussetzungen zu schaffen, die zur Bearbeitung der Kurse notwendig sind, wie E-Mail-Adresse und Online-Zugang. Die Teilnehmenden \u00fcbernehmen daf\u00fcr auch die Kosten.<\/p><\/li><li><p>Der Veranstalter seinerseits verpflichtet sich, seine Software so zu gestalten, dass sie mit den verbreiteten Programmen kompatibel ist.<\/p><\/li><li><p>Der Veranstalter \u00fcbernimmt keine Verantwortung, falls eine Kursteilnahme wegen technischer Probleme nicht m\u00f6glich ist.<\/p><\/li><\/ol><p>V. Absage, Verschiebung und Abbruch von Pr\u00e4senz-Angeboten<\/p><ol><li><p>Bei Ausfall von Michaela Oertli in Folge Krankheit oder aus anderen wichtigen Gr\u00fcnden k\u00f6nnen Pr\u00e4senz-Angebote verschoben oder abgesagt werden, und zwar auch nachdem die Kursgeb\u00fchren schon bezahlt sind. Die betroffenen Teilnehmenden werden dann informiert. Wenn m\u00f6glich wird ihnen eine Alternative angeboten. Ist dies nicht m\u00f6glich oder wird das Alternativangebot von einem betroffenen Teilnehmenden abgelehnt, wird die Vorauszahlung anteilm\u00e4ssig zur\u00fcckerstattet. Weitergehende Anspr\u00fcche sind ausgeschlossen.<\/p><\/li><li><p>Wird ein Pr\u00e4senz-Angebot von Teilnehmenden abgebrochen, erfolgt keine R\u00fcckerstattung der Kursgeb\u00fchren.<\/p><\/li><li><p>Will ein Teilnehmender von der Anmeldung eines Pr\u00e4senz-Angebotes zur\u00fccktreten, sollte er das michaelaoertli.ch per E-Mail mitteilen. Bei R\u00fccktritt bis 8 Wochen vor Ausbildungs- bzw. Workshop oder Seminarbeginn werden 60 % der Kurskosten r\u00fcckerstattet. Danach, also bei R\u00fccktritt weniger als 8 Wochen vor Beginn bzw. bei Nichterscheinen, erfolgt keine R\u00fcckerstattung.<\/p><\/li><li><p>Einzelcoachings und Einzelsessions m\u00fcssen mindestens 48 h vor dem vereinbarten Termin abgesagt werden, ansonsten wird der volle Preis verrechnet. F\u00fcr eine Ratenzahlung kann Anfrage gestellt werden.\u00a0<\/p><\/li><\/ol><p>VI. Absage, Verschiebung und Abbruch von Online-Angeboten<\/p><ol><li><p>Bei Online Angeboten welche \u00abLive\u00bb durchgef\u00fchrt werden, gelten dieselben Regelungen wie bei Pr\u00e4senz-Angeboten.<\/p><\/li><li><p>Bei Online Angeboten welche auf sich auf digitale Medien wie Video, Podcast oder downloadbare Inhalte wie pdfs beziehen, besteht kein Anspruch auf R\u00fcckerstattung.<\/p><\/li><\/ol><p>VI. Haftung<\/p><ol><li><p>Informationen in den Kursen werden von XXX nach bestem Wissen und Gewissen \u00fcbermittelt. F\u00fcr eventuelle Fehler in den Informationen, Unterlagen oder Datentr\u00e4ger haftet michaelaoertli.ch nicht.<\/p><\/li><li><p>Die Kursteilnehmenden sind f\u00fcr den Inhalt ihrer Diskussions- oder anderer Beitr\u00e4ge verantwortlich. XXX hat das Recht, Diskussionsbeitr\u00e4ge nach eigenem Ermessen zu sortieren, nicht zu ver\u00f6ffentlichen oder zu l\u00f6schen. Sollten Diskussionsbeitr\u00e4ge gegen geltendes Recht verstossen, diskriminierend oder beleidigend sein, werden sie gel\u00f6scht bzw. nicht ver\u00f6ffentlicht. Sollten Beitr\u00e4ge auf M\u00e4ngel hinweisen, die in der Zwischenzeit behoben wurden, k\u00f6nnen die Beitr\u00e4ge nach Behebung des Mangels gel\u00f6scht werden.<\/p><\/li><\/ol><p>VII. \u00a0 Vertraulichkeit und Datenschutz<\/p><ol><li><p>Die Teilnehmenden verpflichten sich ausdr\u00fccklich, alle erhaltenen Passw\u00f6rter und Zugangsdaten vertraulich zu behandeln und f\u00fcr Dritte unzug\u00e4nglich aufzubewahren. Benutzerprofile gelten nur f\u00fcr eine Person. Das Nutzen eines Benutzerprofils von mehreren Teilnehmenden ist untersagt und wird bei Aufdeckung durch L\u00f6schung des Benutzerzugriffs ohne R\u00fcckerstattung schon geleisteter Zahlungen geahndet.<\/p><\/li><li><p>XXX verpflichtet sich, die Grunds\u00e4tze des Datenschutzrechts zu befolgen, insbesondere Daten nicht an Dritte weiterzugeben oder zu verkaufen (siehe dazu auch die Datenschutzbestimmungen). Lernergebnisse der einzelnen Teilnehmenden sind nur diesem, XXX und den Administratoren zug\u00e4nglich und werden bei Kontoaufgabe automatisch gel\u00f6scht. michaelaoertli.ch speichert pers\u00f6nliche Daten der Teilnehmenden nur, um sp\u00e4ter Informationen \u00fcber weitere Kurse zuzustellen.<\/p><\/li><li><p>Die Teilnehmenden verpflichten sich, ihr Passwort sicher aufzubewahren, so dass es nicht in die H\u00e4nde von unbefugten Dritten gelangt.<\/p><\/li><\/ol><p>VIII.\u00a0 Urheberrecht<\/p><ol><li><p>Die Teilnehmenden und michaelaoertli.ch verpflichten sich, die Grunds\u00e4tze des Urheberrechtes zu befolgen.<\/p><\/li><li><p>Die Vervielf\u00e4ltigung der Lernmaterialien und der Beitr\u00e4ge der Diskussionsforen ist nicht gestattet. Ihr Inhalt darf auch nicht Dritten mitgeteilt werden.<\/p><\/li><\/ol><p>IX. Anwendbares Recht \/ Gerichtsstand<\/p><p>Es gilt Schweizerisches Recht. Gerichtsstand f\u00fcr Streitigkeiten aus diesen AGB ist Andelfingen.<\/p><p>XXX ist Eigentum von XXX<\/p><p class=\"font_7\">\u00a0<\/p>\t\t\t\t\t\t\t\t<\/div>\n\t\t\t\t<\/div>\n\t\t\t\t\t<\/div>\n\t\t<\/div>\n\t\t\t\t\t<\/div>\n\t\t<\/section>\n\t\t\t\t<\/div>\n\t\t","protected":false},"excerpt":{"rendered":"<p>AGB 2. Dezember 2021 I. Geltungsbereich der AGB Die folgenden allgemeinen Gesch\u00e4ftsbedingungen (AGB) gelten f\u00fcr alle Teilnehmenden an den Online-Kursen und Pr\u00e4senzseminaren, Einzelsessions Pr\u00e4senz oder online, Workshops, Aus- und Weiterbildungen sowie f\u00fcr alle K\u00e4ufer von Onlineprodukten die XXX anbietet. Die AGB beruhen auf Schweizer Recht und gelten in der Schweiz und im Ausland, sofern die [&hellip;]<\/p>\n","protected":false},"author":1,"featured_media":0,"parent":0,"menu_order":0,"comment_status":"closed","ping_status":"closed","template":"elementor_header_footer","meta":{"footnotes":""},"folder":[30,23],"class_list":["post-188","page","type-page","status-publish","hentry"],"yoast_head":"<!-- This site is optimized with the Yoast SEO plugin v26.6 - https:\/\/yoast.com\/wordpress\/plugins\/seo\/ -->\n<title>AGB - Move your Soul by Celine Deutsch<\/title>\n<meta name=\"robots\" content=\"index, follow, max-snippet:-1, max-image-preview:large, max-video-preview:-1\" \/>\n<link rel=\"canonical\" href=\"https:\/\/move-your-soul.ch\/index.php\/agb\/\" \/>\n<meta property=\"og:locale\" content=\"de_DE\" \/>\n<meta property=\"og:type\" content=\"article\" \/>\n<meta property=\"og:title\" content=\"AGB - Move your Soul by Celine Deutsch\" \/>\n<meta property=\"og:description\" content=\"AGB 2. Dezember 2021 I. Geltungsbereich der AGB Die folgenden allgemeinen Gesch\u00e4ftsbedingungen (AGB) gelten f\u00fcr alle Teilnehmenden an den Online-Kursen und Pr\u00e4senzseminaren, Einzelsessions Pr\u00e4senz oder online, Workshops, Aus- und Weiterbildungen sowie f\u00fcr alle K\u00e4ufer von Onlineprodukten die XXX anbietet. Die AGB beruhen auf Schweizer Recht und gelten in der Schweiz und im Ausland, sofern die [&hellip;]\" \/>\n<meta property=\"og:url\" content=\"https:\/\/move-your-soul.ch\/index.php\/agb\/\" \/>\n<meta property=\"og:site_name\" content=\"Move your Soul by Celine Deutsch\" \/>\n<meta property=\"article:modified_time\" content=\"2023-09-28T18:35:50+00:00\" \/>\n<meta property=\"og:image\" content=\"https:\/\/move-your-soul.ch\/wp-content\/uploads\/2022\/08\/placeholder-4.png\" \/>\n<meta name=\"twitter:card\" content=\"summary_large_image\" \/>\n<meta name=\"twitter:label1\" content=\"Gesch\u00e4tzte Lesezeit\" \/>\n\t<meta name=\"twitter:data1\" content=\"5\u00a0Minuten\" \/>\n<script type=\"application\/ld+json\" class=\"yoast-schema-graph\">{\"@context\":\"https:\/\/schema.org\",\"@graph\":[{\"@type\":\"WebPage\",\"@id\":\"https:\/\/move-your-soul.ch\/index.php\/agb\/\",\"url\":\"https:\/\/move-your-soul.ch\/index.php\/agb\/\",\"name\":\"AGB - Move your Soul by Celine Deutsch\",\"isPartOf\":{\"@id\":\"https:\/\/move-your-soul.ch\/#website\"},\"primaryImageOfPage\":{\"@id\":\"https:\/\/move-your-soul.ch\/index.php\/agb\/#primaryimage\"},\"image\":{\"@id\":\"https:\/\/move-your-soul.ch\/index.php\/agb\/#primaryimage\"},\"thumbnailUrl\":\"https:\/\/move-your-soul.ch\/wp-content\/uploads\/2022\/08\/placeholder-4.png\",\"datePublished\":\"2022-08-01T15:02:33+00:00\",\"dateModified\":\"2023-09-28T18:35:50+00:00\",\"breadcrumb\":{\"@id\":\"https:\/\/move-your-soul.ch\/index.php\/agb\/#breadcrumb\"},\"inLanguage\":\"de\",\"potentialAction\":[{\"@type\":\"ReadAction\",\"target\":[\"https:\/\/move-your-soul.ch\/index.php\/agb\/\"]}]},{\"@type\":\"ImageObject\",\"inLanguage\":\"de\",\"@id\":\"https:\/\/move-your-soul.ch\/index.php\/agb\/#primaryimage\",\"url\":\"https:\/\/move-your-soul.ch\/wp-content\/uploads\/2022\/08\/placeholder-4.png\",\"contentUrl\":\"https:\/\/move-your-soul.ch\/wp-content\/uploads\/2022\/08\/placeholder-4.png\"},{\"@type\":\"BreadcrumbList\",\"@id\":\"https:\/\/move-your-soul.ch\/index.php\/agb\/#breadcrumb\",\"itemListElement\":[{\"@type\":\"ListItem\",\"position\":1,\"name\":\"Startseite\",\"item\":\"https:\/\/move-your-soul.ch\/\"},{\"@type\":\"ListItem\",\"position\":2,\"name\":\"AGB\"}]},{\"@type\":\"WebSite\",\"@id\":\"https:\/\/move-your-soul.ch\/#website\",\"url\":\"https:\/\/move-your-soul.ch\/\",\"name\":\"Move your Soul by Celine Deutsch\",\"description\":\"Celine Deutsch\",\"publisher\":{\"@id\":\"https:\/\/move-your-soul.ch\/#organization\"},\"potentialAction\":[{\"@type\":\"SearchAction\",\"target\":{\"@type\":\"EntryPoint\",\"urlTemplate\":\"https:\/\/move-your-soul.ch\/?s={search_term_string}\"},\"query-input\":{\"@type\":\"PropertyValueSpecification\",\"valueRequired\":true,\"valueName\":\"search_term_string\"}}],\"inLanguage\":\"de\"},{\"@type\":\"Organization\",\"@id\":\"https:\/\/move-your-soul.ch\/#organization\",\"name\":\"Move your Soul by Celine Deutsch\",\"url\":\"https:\/\/move-your-soul.ch\/\",\"logo\":{\"@type\":\"ImageObject\",\"inLanguage\":\"de\",\"@id\":\"https:\/\/move-your-soul.ch\/#\/schema\/logo\/image\/\",\"url\":\"https:\/\/move-your-soul.ch\/wp-content\/uploads\/2022\/08\/Logo.png\",\"contentUrl\":\"https:\/\/move-your-soul.ch\/wp-content\/uploads\/2022\/08\/Logo.png\",\"width\":1563,\"height\":1563,\"caption\":\"Move your Soul by Celine Deutsch\"},\"image\":{\"@id\":\"https:\/\/move-your-soul.ch\/#\/schema\/logo\/image\/\"}}]}<\/script>\n<!-- \/ Yoast SEO plugin. -->","yoast_head_json":{"title":"AGB - Move your Soul by Celine Deutsch","robots":{"index":"index","follow":"follow","max-snippet":"max-snippet:-1","max-image-preview":"max-image-preview:large","max-video-preview":"max-video-preview:-1"},"canonical":"https:\/\/move-your-soul.ch\/index.php\/agb\/","og_locale":"de_DE","og_type":"article","og_title":"AGB - Move your Soul by Celine Deutsch","og_description":"AGB 2. Dezember 2021 I. Geltungsbereich der AGB Die folgenden allgemeinen Gesch\u00e4ftsbedingungen (AGB) gelten f\u00fcr alle Teilnehmenden an den Online-Kursen und Pr\u00e4senzseminaren, Einzelsessions Pr\u00e4senz oder online, Workshops, Aus- und Weiterbildungen sowie f\u00fcr alle K\u00e4ufer von Onlineprodukten die XXX anbietet. Die AGB beruhen auf Schweizer Recht und gelten in der Schweiz und im Ausland, sofern die [&hellip;]","og_url":"https:\/\/move-your-soul.ch\/index.php\/agb\/","og_site_name":"Move your Soul by Celine Deutsch","article_modified_time":"2023-09-28T18:35:50+00:00","og_image":[{"url":"https:\/\/move-your-soul.ch\/wp-content\/uploads\/2022\/08\/placeholder-4.png","type":"","width":"","height":""}],"twitter_card":"summary_large_image","twitter_misc":{"Gesch\u00e4tzte Lesezeit":"5\u00a0Minuten"},"schema":{"@context":"https:\/\/schema.org","@graph":[{"@type":"WebPage","@id":"https:\/\/move-your-soul.ch\/index.php\/agb\/","url":"https:\/\/move-your-soul.ch\/index.php\/agb\/","name":"AGB - Move your Soul by Celine Deutsch","isPartOf":{"@id":"https:\/\/move-your-soul.ch\/#website"},"primaryImageOfPage":{"@id":"https:\/\/move-your-soul.ch\/index.php\/agb\/#primaryimage"},"image":{"@id":"https:\/\/move-your-soul.ch\/index.php\/agb\/#primaryimage"},"thumbnailUrl":"https:\/\/move-your-soul.ch\/wp-content\/uploads\/2022\/08\/placeholder-4.png","datePublished":"2022-08-01T15:02:33+00:00","dateModified":"2023-09-28T18:35:50+00:00","breadcrumb":{"@id":"https:\/\/move-your-soul.ch\/index.php\/agb\/#breadcrumb"},"inLanguage":"de","potentialAction":[{"@type":"ReadAction","target":["https:\/\/move-your-soul.ch\/index.php\/agb\/"]}]},{"@type":"ImageObject","inLanguage":"de","@id":"https:\/\/move-your-soul.ch\/index.php\/agb\/#primaryimage","url":"https:\/\/move-your-soul.ch\/wp-content\/uploads\/2022\/08\/placeholder-4.png","contentUrl":"https:\/\/move-your-soul.ch\/wp-content\/uploads\/2022\/08\/placeholder-4.png"},{"@type":"BreadcrumbList","@id":"https:\/\/move-your-soul.ch\/index.php\/agb\/#breadcrumb","itemListElement":[{"@type":"ListItem","position":1,"name":"Startseite","item":"https:\/\/move-your-soul.ch\/"},{"@type":"ListItem","position":2,"name":"AGB"}]},{"@type":"WebSite","@id":"https:\/\/move-your-soul.ch\/#website","url":"https:\/\/move-your-soul.ch\/","name":"Move your Soul by Celine Deutsch","description":"Celine Deutsch","publisher":{"@id":"https:\/\/move-your-soul.ch\/#organization"},"potentialAction":[{"@type":"SearchAction","target":{"@type":"EntryPoint","urlTemplate":"https:\/\/move-your-soul.ch\/?s={search_term_string}"},"query-input":{"@type":"PropertyValueSpecification","valueRequired":true,"valueName":"search_term_string"}}],"inLanguage":"de"},{"@type":"Organization","@id":"https:\/\/move-your-soul.ch\/#organization","name":"Move your Soul by Celine Deutsch","url":"https:\/\/move-your-soul.ch\/","logo":{"@type":"ImageObject","inLanguage":"de","@id":"https:\/\/move-your-soul.ch\/#\/schema\/logo\/image\/","url":"https:\/\/move-your-soul.ch\/wp-content\/uploads\/2022\/08\/Logo.png","contentUrl":"https:\/\/move-your-soul.ch\/wp-content\/uploads\/2022\/08\/Logo.png","width":1563,"height":1563,"caption":"Move your Soul by Celine Deutsch"},"image":{"@id":"https:\/\/move-your-soul.ch\/#\/schema\/logo\/image\/"}}]}},"_links":{"self":[{"href":"https:\/\/move-your-soul.ch\/index.php\/wp-json\/wp\/v2\/pages\/188","targetHints":{"allow":["GET"]}}],"collection":[{"href":"https:\/\/move-your-soul.ch\/index.php\/wp-json\/wp\/v2\/pages"}],"about":[{"href":"https:\/\/move-your-soul.ch\/index.php\/wp-json\/wp\/v2\/types\/page"}],"author":[{"embeddable":true,"href":"https:\/\/move-your-soul.ch\/index.php\/wp-json\/wp\/v2\/users\/1"}],"replies":[{"embeddable":true,"href":"https:\/\/move-your-soul.ch\/index.php\/wp-json\/wp\/v2\/comments?post=188"}],"version-history":[{"count":6,"href":"https:\/\/move-your-soul.ch\/index.php\/wp-json\/wp\/v2\/pages\/188\/revisions"}],"predecessor-version":[{"id":7515,"href":"https:\/\/move-your-soul.ch\/index.php\/wp-json\/wp\/v2\/pages\/188\/revisions\/7515"}],"wp:attachment":[{"href":"https:\/\/move-your-soul.ch\/index.php\/wp-json\/wp\/v2\/media?parent=188"}],"wp:term":[{"taxonomy":"folder","embeddable":true,"href":"https:\/\/move-your-soul.ch\/index.php\/wp-json\/wp\/v2\/folder?post=188"}],"curies":[{"name":"wp","href":"https:\/\/api.w.org\/{rel}","templated":true}]}}