{"id":7443,"date":"2023-09-28T17:34:01","date_gmt":"2023-09-28T17:34:01","guid":{"rendered":"https:\/\/demo.michaelaoertli.com\/?page_id=7443"},"modified":"2024-11-28T16:53:01","modified_gmt":"2024-11-28T16:53:01","slug":"angebot-2","status":"publish","type":"page","link":"https:\/\/move-your-soul.ch\/index.php\/angebot-2\/","title":{"rendered":"Coaching f\u00fcr Kinder"},"content":{"rendered":"\t\t<div data-elementor-type=\"wp-page\" data-elementor-id=\"7443\" class=\"elementor elementor-7443\" data-elementor-post-type=\"page\">\n\t\t\t\t<div class=\"elementor-element elementor-element-23289aec e-con-full e-flex e-con e-parent\" data-id=\"23289aec\" data-element_type=\"container\" data-e-type=\"container\">\n\t\t<div class=\"elementor-element elementor-element-2fc890f0 e-con-full e-flex e-con e-child\" data-id=\"2fc890f0\" data-element_type=\"container\" data-e-type=\"container\">\n\t\t\t\t<div class=\"elementor-element elementor-element-d7a33ba elementor-widget elementor-widget-image\" data-id=\"d7a33ba\" data-element_type=\"widget\" data-e-type=\"widget\" data-widget_type=\"image.default\">\n\t\t\t\t<div class=\"elementor-widget-container\">\n\t\t\t\t\t\t\t\t\t\t\t\t\t\t\t<img fetchpriority=\"high\" decoding=\"async\" width=\"2560\" height=\"2424\" src=\"https:\/\/move-your-soul.ch\/wp-content\/uploads\/2024\/05\/Angebot-Kinder-scaled.jpg\" class=\"attachment-full size-full wp-image-7828\" alt=\"\" srcset=\"https:\/\/move-your-soul.ch\/wp-content\/uploads\/2024\/05\/Angebot-Kinder-scaled.jpg 2560w, https:\/\/move-your-soul.ch\/wp-content\/uploads\/2024\/05\/Angebot-Kinder-300x284.jpg 300w, https:\/\/move-your-soul.ch\/wp-content\/uploads\/2024\/05\/Angebot-Kinder-1024x970.jpg 1024w, https:\/\/move-your-soul.ch\/wp-content\/uploads\/2024\/05\/Angebot-Kinder-768x727.jpg 768w, https:\/\/move-your-soul.ch\/wp-content\/uploads\/2024\/05\/Angebot-Kinder-1536x1455.jpg 1536w, https:\/\/move-your-soul.ch\/wp-content\/uploads\/2024\/05\/Angebot-Kinder-2048x1939.jpg 2048w\" sizes=\"(max-width: 2560px) 100vw, 2560px\" \/>\t\t\t\t\t\t\t\t\t\t\t\t\t\t\t<\/div>\n\t\t\t\t<\/div>\n\t\t\t\t<\/div>\n\t\t\t\t<\/div>\n\t\t<div class=\"elementor-element elementor-element-7192a2ee e-flex e-con-boxed e-con e-parent\" data-id=\"7192a2ee\" data-element_type=\"container\" data-e-type=\"container\">\n\t\t\t\t\t<div class=\"e-con-inner\">\n\t\t\t\t<div class=\"elementor-element elementor-element-5b1ecf7 elementor-widget elementor-widget-heading\" data-id=\"5b1ecf7\" data-element_type=\"widget\" data-e-type=\"widget\" data-widget_type=\"heading.default\">\n\t\t\t\t<div class=\"elementor-widget-container\">\n\t\t\t\t\t<h2 class=\"elementor-heading-title elementor-size-default\">Coaching f\u00fcr Kinder<\/h2>\t\t\t\t<\/div>\n\t\t\t\t<\/div>\n\t\t\t\t\t<\/div>\n\t\t\t\t<\/div>\n\t\t<div class=\"elementor-element elementor-element-a7a016e e-flex e-con-boxed e-con e-parent\" data-id=\"a7a016e\" data-element_type=\"container\" data-e-type=\"container\">\n\t\t\t\t\t<div class=\"e-con-inner\">\n\t\t\t\t<div class=\"elementor-element elementor-element-6e75843 elementor-widget elementor-widget-text-editor\" data-id=\"6e75843\" data-element_type=\"widget\" data-e-type=\"widget\" data-widget_type=\"text-editor.default\">\n\t\t\t\t<div class=\"elementor-widget-container\">\n\t\t\t\t\t\t\t\t\t<p>Die heutige Gesellschaft fordert schon sehr fr\u00fch viel von den Kindern. Schon im Kindergarten werden sie bewertet und es wird eine gewisse Leistung erwartet. Das Kind soll schon die Zahlen kennen, es soll f\u00fcr eine bestimmte Zeit sich auf etwas fokussieren k\u00f6nnen oder es soll die Buchstaben kennen.\u00a0<br \/>Doch was ist mit den Werten die eigentlich so wichtig sind und das Kind zu einer starken Pers\u00f6nlichkeit machen. Welche das Selbstbewusstsein in unserer negativen und leistungsorientierten Welt steigert. Was ist mit Strategien wie es schwierige Situationen meistern kann oder seine Emotionen lernt zu anerkennen und mit ihnen umzugehen. Wie kann es seine Bed\u00fcrfnisse kommunizieren oder sagen was es einfach gerade braucht, dass es ihm gut geht. Sich selbst zu St\u00e4rken und wissen was es in welchen Situationen braucht und wo es Energie tanken kann.\u00a0<\/p>\t\t\t\t\t\t\t\t<\/div>\n\t\t\t\t<\/div>\n\t\t\t\t<div class=\"elementor-element elementor-element-eb0e37d elementor-widget elementor-widget-spacer\" data-id=\"eb0e37d\" data-element_type=\"widget\" data-e-type=\"widget\" data-widget_type=\"spacer.default\">\n\t\t\t\t<div class=\"elementor-widget-container\">\n\t\t\t\t\t\t\t<div class=\"elementor-spacer\">\n\t\t\t<div class=\"elementor-spacer-inner\"><\/div>\n\t\t<\/div>\n\t\t\t\t\t\t<\/div>\n\t\t\t\t<\/div>\n\t\t\t\t\t<\/div>\n\t\t\t\t<\/div>\n\t\t<div class=\"elementor-element elementor-element-f775706 e-flex e-con-boxed e-con e-parent\" data-id=\"f775706\" data-element_type=\"container\" data-e-type=\"container\">\n\t\t\t\t\t<div class=\"e-con-inner\">\n\t\t\t\t<div class=\"elementor-element elementor-element-aa4ff1b elementor-widget elementor-widget-heading\" data-id=\"aa4ff1b\" data-element_type=\"widget\" data-e-type=\"widget\" data-widget_type=\"heading.default\">\n\t\t\t\t<div class=\"elementor-widget-container\">\n\t\t\t\t\t<h2 class=\"elementor-heading-title elementor-size-default\">Was bewirkt ein Coaching?<\/h2>\t\t\t\t<\/div>\n\t\t\t\t<\/div>\n\t\t\t\t\t<\/div>\n\t\t\t\t<\/div>\n\t\t<div class=\"elementor-element elementor-element-154a97e e-flex e-con-boxed e-con e-parent\" data-id=\"154a97e\" data-element_type=\"container\" data-e-type=\"container\">\n\t\t\t\t\t<div class=\"e-con-inner\">\n\t\t\t\t<div class=\"elementor-element elementor-element-d693066 elementor-widget elementor-widget-text-editor\" data-id=\"d693066\" data-element_type=\"widget\" data-e-type=\"widget\" data-widget_type=\"text-editor.default\">\n\t\t\t\t<div class=\"elementor-widget-container\">\n\t\t\t\t\t\t\t\t\t<p>Ich m\u00f6chte dem Kind eine Raum in der freien Natur bieten in dem es einfach sich selbst sein kann. Mit dem Pferd an seiner Seite kann es lernen was es heisst zu Vertrauen oder auch einfach mal zu sein und die Zeit zu geniessen. Durch spielerische \u00dcbungen kann es in einem sicheren Rahmen seine eigene Pers\u00f6nlichkeit entwickeln. Ich als Coach bin dabei stehts an seiner Seite und begleite und f\u00fchre es die ganze Stunde. Durch den sicheren Raum und eine vertrauensvolle Basis, k\u00f6nnen auch Hindernisse und Probleme aus dem Alltag thematisiert werden. Zusammen mit dem Pferd k\u00f6nnen wir dann versuchen eine f\u00fcrs Kind passende L\u00f6sung oder Strategie zu finden, sodass es einen Alltag mit viel Leichtigkeit, Freude und Energie hat. Das Tempo und Thema der Sitzung darf selber vom Kind fest gelegt werden. Ich halte dabei jedoch im Auge, dass das Kind sich nicht \u00fcberfordert und das die Ziele so gesetzt werden, dass sie erreichbar und machbar sind. Gegeben falls kann das Ziel auch auf mehrere Zwischenziele aufgeteilt werden.&nbsp;<br>Ich biete in dieser Zeit einen engen Kontakt mit dem Pferd an. Dies kann auch in Form von das Pferd putzen sein, jedoch beinhaltet diese Art des Coachings kein reiten.<\/p>\t\t\t\t\t\t\t\t<\/div>\n\t\t\t\t<\/div>\n\t\t\t\t<div class=\"elementor-element elementor-element-b451937 elementor-widget elementor-widget-spacer\" data-id=\"b451937\" data-element_type=\"widget\" data-e-type=\"widget\" data-widget_type=\"spacer.default\">\n\t\t\t\t<div class=\"elementor-widget-container\">\n\t\t\t\t\t\t\t<div class=\"elementor-spacer\">\n\t\t\t<div class=\"elementor-spacer-inner\"><\/div>\n\t\t<\/div>\n\t\t\t\t\t\t<\/div>\n\t\t\t\t<\/div>\n\t\t\t\t\t<\/div>\n\t\t\t\t<\/div>\n\t\t<div class=\"elementor-element elementor-element-5c61f7b e-flex e-con-boxed e-con e-parent\" data-id=\"5c61f7b\" data-element_type=\"container\" data-e-type=\"container\">\n\t\t\t\t\t<div class=\"e-con-inner\">\n\t\t<div class=\"elementor-element elementor-element-a36932b e-con-full e-flex e-con e-child\" data-id=\"a36932b\" data-element_type=\"container\" data-e-type=\"container\">\n\t\t\t\t<div class=\"elementor-element elementor-element-100bc8a elementor-widget elementor-widget-text-editor\" data-id=\"100bc8a\" data-element_type=\"widget\" data-e-type=\"widget\" data-widget_type=\"text-editor.default\">\n\t\t\t\t<div class=\"elementor-widget-container\">\n\t\t\t\t\t\t\t\t\t<p>Ich selbst habe die Erfahrung als Kind gemacht nicht in diese Normen zu passen und weiss was es heisst die wichtigen Werte schon fr\u00fch mit auf den Weg zu bekommen. Deshalb liegt es mir am Herzen auch Kinder dabei zu unterst\u00fctzen ihren eigenen Weg zu finde und sich selbst so zu anerkennen wie man ist. Das jeder St\u00e4rken und Schw\u00e4chen hat und das sie lernen sich selbst zu sein auch in dieser herausfordernder Gesellschaft.\u00a0<\/p>\t\t\t\t\t\t\t\t<\/div>\n\t\t\t\t<\/div>\n\t\t\t\t<\/div>\n\t\t\t\t<div class=\"elementor-element elementor-element-4f407d5 elementor-widget elementor-widget-spacer\" data-id=\"4f407d5\" data-element_type=\"widget\" data-e-type=\"widget\" data-widget_type=\"spacer.default\">\n\t\t\t\t<div class=\"elementor-widget-container\">\n\t\t\t\t\t\t\t<div class=\"elementor-spacer\">\n\t\t\t<div class=\"elementor-spacer-inner\"><\/div>\n\t\t<\/div>\n\t\t\t\t\t\t<\/div>\n\t\t\t\t<\/div>\n\t\t\t\t\t<\/div>\n\t\t\t\t<\/div>\n\t\t<div class=\"elementor-element elementor-element-fd34340 e-flex e-con-boxed e-con e-parent\" data-id=\"fd34340\" data-element_type=\"container\" data-e-type=\"container\">\n\t\t\t\t\t<div class=\"e-con-inner\">\n\t\t<div class=\"elementor-element elementor-element-cb079d2 e-con-full e-flex e-con e-child\" data-id=\"cb079d2\" data-element_type=\"container\" data-e-type=\"container\">\n\t\t\t\t<div class=\"elementor-element elementor-element-d2fe9ef elementor-widget elementor-widget-heading\" data-id=\"d2fe9ef\" data-element_type=\"widget\" data-e-type=\"widget\" data-widget_type=\"heading.default\">\n\t\t\t\t<div class=\"elementor-widget-container\">\n\t\t\t\t\t<h2 class=\"elementor-heading-title elementor-size-default\">Themen f\u00fcr ein Coaching<\/h2>\t\t\t\t<\/div>\n\t\t\t\t<\/div>\n\t\t\t\t<\/div>\n\t\t\t\t<div class=\"elementor-element elementor-element-551bdf1 elementor-widget elementor-widget-text-editor\" data-id=\"551bdf1\" data-element_type=\"widget\" data-e-type=\"widget\" data-widget_type=\"text-editor.default\">\n\t\t\t\t<div class=\"elementor-widget-container\">\n\t\t\t\t\t\t\t\t\t<ul><li>Werte ausarbeiten<\/li><li>Ressourcen finden\u00a0<\/li><li>Selbstbewusstsein steigern<\/li><li>lernen mit Emotionen umzugehen<\/li><li>Pr\u00fcfungsangst\u00a0<\/li><li>Lernstrategien\u00a0<\/li><li>einfach eine Auszeit in der Natur mit Pferd geniessen<\/li><li>Energie tanken<\/li><\/ul>\t\t\t\t\t\t\t\t<\/div>\n\t\t\t\t<\/div>\n\t\t\t\t<div class=\"elementor-element elementor-element-583fb5e elementor-widget elementor-widget-spacer\" data-id=\"583fb5e\" data-element_type=\"widget\" data-e-type=\"widget\" data-widget_type=\"spacer.default\">\n\t\t\t\t<div class=\"elementor-widget-container\">\n\t\t\t\t\t\t\t<div class=\"elementor-spacer\">\n\t\t\t<div class=\"elementor-spacer-inner\"><\/div>\n\t\t<\/div>\n\t\t\t\t\t\t<\/div>\n\t\t\t\t<\/div>\n\t\t\t\t\t<\/div>\n\t\t\t\t<\/div>\n\t\t<div class=\"elementor-element elementor-element-86c4cf5 e-flex e-con-boxed e-con e-parent\" data-id=\"86c4cf5\" data-element_type=\"container\" data-e-type=\"container\">\n\t\t\t\t\t<div class=\"e-con-inner\">\n\t\t<div class=\"elementor-element elementor-element-7a78b95 e-con-full e-flex e-con e-child\" data-id=\"7a78b95\" data-element_type=\"container\" data-e-type=\"container\">\n\t\t\t\t<div class=\"elementor-element elementor-element-66c2068 elementor-widget elementor-widget-heading\" data-id=\"66c2068\" data-element_type=\"widget\" data-e-type=\"widget\" data-widget_type=\"heading.default\">\n\t\t\t\t<div class=\"elementor-widget-container\">\n\t\t\t\t\t<h2 class=\"elementor-heading-title elementor-size-default\">Kosten<\/h2>\t\t\t\t<\/div>\n\t\t\t\t<\/div>\n\t\t\t\t<\/div>\n\t\t<div class=\"elementor-element elementor-element-e1353e2 e-con-full e-flex e-con e-child\" data-id=\"e1353e2\" data-element_type=\"container\" data-e-type=\"container\">\n\t\t\t\t<div class=\"elementor-element elementor-element-8131e1e elementor-widget elementor-widget-text-editor\" data-id=\"8131e1e\" data-element_type=\"widget\" data-e-type=\"widget\" data-widget_type=\"text-editor.default\">\n\t\t\t\t<div class=\"elementor-widget-container\">\n\t\t\t\t\t\t\t\t\t<p>1 Stunde \u00e0 60 min: CHF 120.00<\/p><p>5 er Abo \u00e0 je 60 min: CHF 475.00<\/p><p><em>Ein Erstgespr\u00e4ch ist unverbindlich und kostenlos.<\/em><\/p>\t\t\t\t\t\t\t\t<\/div>\n\t\t\t\t<\/div>\n\t\t\t\t<div class=\"elementor-element elementor-element-f90f3a3 elementor-widget elementor-widget-spacer\" data-id=\"f90f3a3\" data-element_type=\"widget\" data-e-type=\"widget\" data-widget_type=\"spacer.default\">\n\t\t\t\t<div class=\"elementor-widget-container\">\n\t\t\t\t\t\t\t<div class=\"elementor-spacer\">\n\t\t\t<div class=\"elementor-spacer-inner\"><\/div>\n\t\t<\/div>\n\t\t\t\t\t\t<\/div>\n\t\t\t\t<\/div>\n\t\t\t\t<\/div>\n\t\t\t\t\t<\/div>\n\t\t\t\t<\/div>\n\t\t<div class=\"elementor-element elementor-element-d0c7bce e-flex e-con-boxed e-con e-parent\" data-id=\"d0c7bce\" data-element_type=\"container\" data-e-type=\"container\">\n\t\t\t\t\t<div class=\"e-con-inner\">\n\t\t\t\t<div class=\"elementor-element elementor-element-d1e6bc3 elementor-widget elementor-widget-spacer\" data-id=\"d1e6bc3\" data-element_type=\"widget\" data-e-type=\"widget\" data-widget_type=\"spacer.default\">\n\t\t\t\t<div class=\"elementor-widget-container\">\n\t\t\t\t\t\t\t<div class=\"elementor-spacer\">\n\t\t\t<div class=\"elementor-spacer-inner\"><\/div>\n\t\t<\/div>\n\t\t\t\t\t\t<\/div>\n\t\t\t\t<\/div>\n\t\t\t\t\t<\/div>\n\t\t\t\t<\/div>\n\t\t\t\t<\/div>\n\t\t","protected":false},"excerpt":{"rendered":"<p>Coaching f\u00fcr Kinder Die heutige Gesellschaft fordert schon sehr fr\u00fch viel von den Kindern. Schon im Kindergarten werden sie bewertet und es wird eine gewisse Leistung erwartet. Das Kind soll schon die Zahlen kennen, es soll f\u00fcr eine bestimmte Zeit sich auf etwas fokussieren k\u00f6nnen oder es soll die Buchstaben kennen.\u00a0Doch was ist mit den [&hellip;]<\/p>\n","protected":false},"author":1,"featured_media":0,"parent":0,"menu_order":0,"comment_status":"closed","ping_status":"closed","template":"elementor_header_footer","meta":{"footnotes":""},"folder":[28],"class_list":["post-7443","page","type-page","status-publish","hentry"],"yoast_head":"<!-- This site is optimized with the Yoast SEO plugin v26.6 - https:\/\/yoast.com\/wordpress\/plugins\/seo\/ -->\n<title>Coaching f\u00fcr Kinder - Move your Soul by Celine Deutsch<\/title>\n<meta name=\"robots\" content=\"index, follow, max-snippet:-1, max-image-preview:large, max-video-preview:-1\" \/>\n<link rel=\"canonical\" href=\"https:\/\/move-your-soul.ch\/index.php\/angebot-2\/\" \/>\n<meta property=\"og:locale\" content=\"de_DE\" \/>\n<meta property=\"og:type\" content=\"article\" \/>\n<meta property=\"og:title\" content=\"Coaching f\u00fcr Kinder - Move your Soul by Celine Deutsch\" \/>\n<meta property=\"og:description\" content=\"Coaching f\u00fcr Kinder Die heutige Gesellschaft fordert schon sehr fr\u00fch viel von den Kindern. Schon im Kindergarten werden sie bewertet und es wird eine gewisse Leistung erwartet. Das Kind soll schon die Zahlen kennen, es soll f\u00fcr eine bestimmte Zeit sich auf etwas fokussieren k\u00f6nnen oder es soll die Buchstaben kennen.\u00a0Doch was ist mit den [&hellip;]\" \/>\n<meta property=\"og:url\" content=\"https:\/\/move-your-soul.ch\/index.php\/angebot-2\/\" \/>\n<meta property=\"og:site_name\" content=\"Move your Soul by Celine Deutsch\" \/>\n<meta property=\"article:modified_time\" content=\"2024-11-28T16:53:01+00:00\" \/>\n<meta property=\"og:image\" content=\"https:\/\/move-your-soul.ch\/wp-content\/uploads\/2024\/05\/Angebot-Kinder-scaled.jpg\" \/>\n<meta name=\"twitter:card\" content=\"summary_large_image\" \/>\n<meta name=\"twitter:label1\" content=\"Gesch\u00e4tzte Lesezeit\" \/>\n\t<meta name=\"twitter:data1\" content=\"3\u00a0Minuten\" \/>\n<script type=\"application\/ld+json\" class=\"yoast-schema-graph\">{\"@context\":\"https:\/\/schema.org\",\"@graph\":[{\"@type\":\"WebPage\",\"@id\":\"https:\/\/move-your-soul.ch\/index.php\/angebot-2\/\",\"url\":\"https:\/\/move-your-soul.ch\/index.php\/angebot-2\/\",\"name\":\"Coaching f\u00fcr Kinder - Move your Soul by Celine Deutsch\",\"isPartOf\":{\"@id\":\"https:\/\/move-your-soul.ch\/#website\"},\"primaryImageOfPage\":{\"@id\":\"https:\/\/move-your-soul.ch\/index.php\/angebot-2\/#primaryimage\"},\"image\":{\"@id\":\"https:\/\/move-your-soul.ch\/index.php\/angebot-2\/#primaryimage\"},\"thumbnailUrl\":\"https:\/\/move-your-soul.ch\/wp-content\/uploads\/2024\/05\/Angebot-Kinder-scaled.jpg\",\"datePublished\":\"2023-09-28T17:34:01+00:00\",\"dateModified\":\"2024-11-28T16:53:01+00:00\",\"breadcrumb\":{\"@id\":\"https:\/\/move-your-soul.ch\/index.php\/angebot-2\/#breadcrumb\"},\"inLanguage\":\"de\",\"potentialAction\":[{\"@type\":\"ReadAction\",\"target\":[\"https:\/\/move-your-soul.ch\/index.php\/angebot-2\/\"]}]},{\"@type\":\"ImageObject\",\"inLanguage\":\"de\",\"@id\":\"https:\/\/move-your-soul.ch\/index.php\/angebot-2\/#primaryimage\",\"url\":\"https:\/\/move-your-soul.ch\/wp-content\/uploads\/2024\/05\/Angebot-Kinder-scaled.jpg\",\"contentUrl\":\"https:\/\/move-your-soul.ch\/wp-content\/uploads\/2024\/05\/Angebot-Kinder-scaled.jpg\",\"width\":2560,\"height\":2424},{\"@type\":\"BreadcrumbList\",\"@id\":\"https:\/\/move-your-soul.ch\/index.php\/angebot-2\/#breadcrumb\",\"itemListElement\":[{\"@type\":\"ListItem\",\"position\":1,\"name\":\"Startseite\",\"item\":\"https:\/\/move-your-soul.ch\/\"},{\"@type\":\"ListItem\",\"position\":2,\"name\":\"Coaching f\u00fcr Kinder\"}]},{\"@type\":\"WebSite\",\"@id\":\"https:\/\/move-your-soul.ch\/#website\",\"url\":\"https:\/\/move-your-soul.ch\/\",\"name\":\"Move your Soul by Celine Deutsch\",\"description\":\"Celine Deutsch\",\"publisher\":{\"@id\":\"https:\/\/move-your-soul.ch\/#organization\"},\"potentialAction\":[{\"@type\":\"SearchAction\",\"target\":{\"@type\":\"EntryPoint\",\"urlTemplate\":\"https:\/\/move-your-soul.ch\/?s={search_term_string}\"},\"query-input\":{\"@type\":\"PropertyValueSpecification\",\"valueRequired\":true,\"valueName\":\"search_term_string\"}}],\"inLanguage\":\"de\"},{\"@type\":\"Organization\",\"@id\":\"https:\/\/move-your-soul.ch\/#organization\",\"name\":\"Move your Soul by Celine Deutsch\",\"url\":\"https:\/\/move-your-soul.ch\/\",\"logo\":{\"@type\":\"ImageObject\",\"inLanguage\":\"de\",\"@id\":\"https:\/\/move-your-soul.ch\/#\/schema\/logo\/image\/\",\"url\":\"https:\/\/move-your-soul.ch\/wp-content\/uploads\/2022\/08\/Logo.png\",\"contentUrl\":\"https:\/\/move-your-soul.ch\/wp-content\/uploads\/2022\/08\/Logo.png\",\"width\":1563,\"height\":1563,\"caption\":\"Move your Soul by Celine Deutsch\"},\"image\":{\"@id\":\"https:\/\/move-your-soul.ch\/#\/schema\/logo\/image\/\"}}]}<\/script>\n<!-- \/ Yoast SEO plugin. -->","yoast_head_json":{"title":"Coaching f\u00fcr Kinder - Move your Soul by Celine Deutsch","robots":{"index":"index","follow":"follow","max-snippet":"max-snippet:-1","max-image-preview":"max-image-preview:large","max-video-preview":"max-video-preview:-1"},"canonical":"https:\/\/move-your-soul.ch\/index.php\/angebot-2\/","og_locale":"de_DE","og_type":"article","og_title":"Coaching f\u00fcr Kinder - Move your Soul by Celine Deutsch","og_description":"Coaching f\u00fcr Kinder Die heutige Gesellschaft fordert schon sehr fr\u00fch viel von den Kindern. Schon im Kindergarten werden sie bewertet und es wird eine gewisse Leistung erwartet. Das Kind soll schon die Zahlen kennen, es soll f\u00fcr eine bestimmte Zeit sich auf etwas fokussieren k\u00f6nnen oder es soll die Buchstaben kennen.\u00a0Doch was ist mit den [&hellip;]","og_url":"https:\/\/move-your-soul.ch\/index.php\/angebot-2\/","og_site_name":"Move your Soul by Celine Deutsch","article_modified_time":"2024-11-28T16:53:01+00:00","og_image":[{"url":"https:\/\/move-your-soul.ch\/wp-content\/uploads\/2024\/05\/Angebot-Kinder-scaled.jpg","type":"","width":"","height":""}],"twitter_card":"summary_large_image","twitter_misc":{"Gesch\u00e4tzte Lesezeit":"3\u00a0Minuten"},"schema":{"@context":"https:\/\/schema.org","@graph":[{"@type":"WebPage","@id":"https:\/\/move-your-soul.ch\/index.php\/angebot-2\/","url":"https:\/\/move-your-soul.ch\/index.php\/angebot-2\/","name":"Coaching f\u00fcr Kinder - Move your Soul by Celine Deutsch","isPartOf":{"@id":"https:\/\/move-your-soul.ch\/#website"},"primaryImageOfPage":{"@id":"https:\/\/move-your-soul.ch\/index.php\/angebot-2\/#primaryimage"},"image":{"@id":"https:\/\/move-your-soul.ch\/index.php\/angebot-2\/#primaryimage"},"thumbnailUrl":"https:\/\/move-your-soul.ch\/wp-content\/uploads\/2024\/05\/Angebot-Kinder-scaled.jpg","datePublished":"2023-09-28T17:34:01+00:00","dateModified":"2024-11-28T16:53:01+00:00","breadcrumb":{"@id":"https:\/\/move-your-soul.ch\/index.php\/angebot-2\/#breadcrumb"},"inLanguage":"de","potentialAction":[{"@type":"ReadAction","target":["https:\/\/move-your-soul.ch\/index.php\/angebot-2\/"]}]},{"@type":"ImageObject","inLanguage":"de","@id":"https:\/\/move-your-soul.ch\/index.php\/angebot-2\/#primaryimage","url":"https:\/\/move-your-soul.ch\/wp-content\/uploads\/2024\/05\/Angebot-Kinder-scaled.jpg","contentUrl":"https:\/\/move-your-soul.ch\/wp-content\/uploads\/2024\/05\/Angebot-Kinder-scaled.jpg","width":2560,"height":2424},{"@type":"BreadcrumbList","@id":"https:\/\/move-your-soul.ch\/index.php\/angebot-2\/#breadcrumb","itemListElement":[{"@type":"ListItem","position":1,"name":"Startseite","item":"https:\/\/move-your-soul.ch\/"},{"@type":"ListItem","position":2,"name":"Coaching f\u00fcr Kinder"}]},{"@type":"WebSite","@id":"https:\/\/move-your-soul.ch\/#website","url":"https:\/\/move-your-soul.ch\/","name":"Move your Soul by Celine Deutsch","description":"Celine Deutsch","publisher":{"@id":"https:\/\/move-your-soul.ch\/#organization"},"potentialAction":[{"@type":"SearchAction","target":{"@type":"EntryPoint","urlTemplate":"https:\/\/move-your-soul.ch\/?s={search_term_string}"},"query-input":{"@type":"PropertyValueSpecification","valueRequired":true,"valueName":"search_term_string"}}],"inLanguage":"de"},{"@type":"Organization","@id":"https:\/\/move-your-soul.ch\/#organization","name":"Move your Soul by Celine Deutsch","url":"https:\/\/move-your-soul.ch\/","logo":{"@type":"ImageObject","inLanguage":"de","@id":"https:\/\/move-your-soul.ch\/#\/schema\/logo\/image\/","url":"https:\/\/move-your-soul.ch\/wp-content\/uploads\/2022\/08\/Logo.png","contentUrl":"https:\/\/move-your-soul.ch\/wp-content\/uploads\/2022\/08\/Logo.png","width":1563,"height":1563,"caption":"Move your Soul by Celine Deutsch"},"image":{"@id":"https:\/\/move-your-soul.ch\/#\/schema\/logo\/image\/"}}]}},"_links":{"self":[{"href":"https:\/\/move-your-soul.ch\/index.php\/wp-json\/wp\/v2\/pages\/7443","targetHints":{"allow":["GET"]}}],"collection":[{"href":"https:\/\/move-your-soul.ch\/index.php\/wp-json\/wp\/v2\/pages"}],"about":[{"href":"https:\/\/move-your-soul.ch\/index.php\/wp-json\/wp\/v2\/types\/page"}],"author":[{"embeddable":true,"href":"https:\/\/move-your-soul.ch\/index.php\/wp-json\/wp\/v2\/users\/1"}],"replies":[{"embeddable":true,"href":"https:\/\/move-your-soul.ch\/index.php\/wp-json\/wp\/v2\/comments?post=7443"}],"version-history":[{"count":27,"href":"https:\/\/move-your-soul.ch\/index.php\/wp-json\/wp\/v2\/pages\/7443\/revisions"}],"predecessor-version":[{"id":8349,"href":"https:\/\/move-your-soul.ch\/index.php\/wp-json\/wp\/v2\/pages\/7443\/revisions\/8349"}],"wp:attachment":[{"href":"https:\/\/move-your-soul.ch\/index.php\/wp-json\/wp\/v2\/media?parent=7443"}],"wp:term":[{"taxonomy":"folder","embeddable":true,"href":"https:\/\/move-your-soul.ch\/index.php\/wp-json\/wp\/v2\/folder?post=7443"}],"curies":[{"name":"wp","href":"https:\/\/api.w.org\/{rel}","templated":true}]}}