{"id":8164,"date":"2025-06-20T13:19:55","date_gmt":"2025-06-20T13:19:55","guid":{"rendered":"https:\/\/move-your-soul.ch\/?page_id=8164"},"modified":"2025-07-13T11:35:00","modified_gmt":"2025-07-13T11:35:00","slug":"angebot-7","status":"publish","type":"page","link":"https:\/\/move-your-soul.ch\/index.php\/angebot-7\/","title":{"rendered":"ANGEBOT"},"content":{"rendered":"\t\t<div data-elementor-type=\"wp-page\" data-elementor-id=\"8164\" class=\"elementor elementor-8164\" data-elementor-post-type=\"page\">\n\t\t\t\t<div class=\"elementor-element elementor-element-1661710 e-flex e-con-boxed e-con e-parent\" data-id=\"1661710\" data-element_type=\"container\" data-e-type=\"container\">\n\t\t\t\t\t<div class=\"e-con-inner\">\n\t\t\t\t<div class=\"elementor-element elementor-element-5325e5c elementor-widget elementor-widget-spacer\" data-id=\"5325e5c\" data-element_type=\"widget\" data-e-type=\"widget\" data-widget_type=\"spacer.default\">\n\t\t\t\t<div class=\"elementor-widget-container\">\n\t\t\t\t\t\t\t<div class=\"elementor-spacer\">\n\t\t\t<div class=\"elementor-spacer-inner\"><\/div>\n\t\t<\/div>\n\t\t\t\t\t\t<\/div>\n\t\t\t\t<\/div>\n\t\t\t\t\t<\/div>\n\t\t\t\t<\/div>\n\t\t<div class=\"elementor-element elementor-element-1e76493 e-flex e-con-boxed e-con e-parent\" data-id=\"1e76493\" data-element_type=\"container\" data-e-type=\"container\">\n\t\t\t\t\t<div class=\"e-con-inner\">\n\t\t<div class=\"elementor-element elementor-element-7698ff8 e-con-full e-flex e-con e-child\" data-id=\"7698ff8\" data-element_type=\"container\" data-e-type=\"container\">\n\t\t\t\t<div class=\"elementor-element elementor-element-50bee67 elementor-widget elementor-widget-heading\" data-id=\"50bee67\" data-element_type=\"widget\" data-e-type=\"widget\" data-widget_type=\"heading.default\">\n\t\t\t\t<div class=\"elementor-widget-container\">\n\t\t\t\t\t<h2 class=\"elementor-heading-title elementor-size-default\">Mein Angebot<\/h2>\t\t\t\t<\/div>\n\t\t\t\t<\/div>\n\t\t\t\t<\/div>\n\t\t\t\t\t<\/div>\n\t\t\t\t<\/div>\n\t\t<div class=\"elementor-element elementor-element-c45dc8f e-flex e-con-boxed e-con e-parent\" data-id=\"c45dc8f\" data-element_type=\"container\" data-e-type=\"container\">\n\t\t\t\t\t<div class=\"e-con-inner\">\n\t\t\t\t<div class=\"elementor-element elementor-element-e9fe553 elementor-widget elementor-widget-image\" data-id=\"e9fe553\" data-element_type=\"widget\" data-e-type=\"widget\" data-widget_type=\"image.default\">\n\t\t\t\t<div class=\"elementor-widget-container\">\n\t\t\t\t\t\t\t\t\t\t\t\t\t\t\t<img fetchpriority=\"high\" decoding=\"async\" width=\"800\" height=\"276\" src=\"https:\/\/move-your-soul.ch\/wp-content\/uploads\/2025\/06\/Kraeuter-Titelbild-1024x353.jpg\" class=\"attachment-large size-large wp-image-8186\" alt=\"\" srcset=\"https:\/\/move-your-soul.ch\/wp-content\/uploads\/2025\/06\/Kraeuter-Titelbild-1024x353.jpg 1024w, https:\/\/move-your-soul.ch\/wp-content\/uploads\/2025\/06\/Kraeuter-Titelbild-300x103.jpg 300w, https:\/\/move-your-soul.ch\/wp-content\/uploads\/2025\/06\/Kraeuter-Titelbild-768x264.jpg 768w, https:\/\/move-your-soul.ch\/wp-content\/uploads\/2025\/06\/Kraeuter-Titelbild-1536x529.jpg 1536w, https:\/\/move-your-soul.ch\/wp-content\/uploads\/2025\/06\/Kraeuter-Titelbild-2048x705.jpg 2048w\" sizes=\"(max-width: 800px) 100vw, 800px\" \/>\t\t\t\t\t\t\t\t\t\t\t\t\t\t\t<\/div>\n\t\t\t\t<\/div>\n\t\t\t\t\t<\/div>\n\t\t\t\t<\/div>\n\t\t<div class=\"elementor-element elementor-element-988c6fc e-flex e-con-boxed e-con e-parent\" data-id=\"988c6fc\" data-element_type=\"container\" data-e-type=\"container\">\n\t\t\t\t\t<div class=\"e-con-inner\">\n\t\t\t\t<div class=\"elementor-element elementor-element-ac1a3eb elementor-widget elementor-widget-spacer\" data-id=\"ac1a3eb\" data-element_type=\"widget\" data-e-type=\"widget\" data-widget_type=\"spacer.default\">\n\t\t\t\t<div class=\"elementor-widget-container\">\n\t\t\t\t\t\t\t<div class=\"elementor-spacer\">\n\t\t\t<div class=\"elementor-spacer-inner\"><\/div>\n\t\t<\/div>\n\t\t\t\t\t\t<\/div>\n\t\t\t\t<\/div>\n\t\t\t\t\t<\/div>\n\t\t\t\t<\/div>\n\t\t<div class=\"elementor-element elementor-element-e81d4ac e-flex e-con-boxed e-con e-parent\" data-id=\"e81d4ac\" data-element_type=\"container\" data-e-type=\"container\">\n\t\t\t\t\t<div class=\"e-con-inner\">\n\t\t\t\t<div class=\"elementor-element elementor-element-cac7f7e elementor-widget elementor-widget-heading\" data-id=\"cac7f7e\" data-element_type=\"widget\" data-e-type=\"widget\" data-widget_type=\"heading.default\">\n\t\t\t\t<div class=\"elementor-widget-container\">\n\t\t\t\t\t<h2 class=\"elementor-heading-title elementor-size-default\">Deine individuelle Kr\u00e4utermischung<\/h2>\t\t\t\t<\/div>\n\t\t\t\t<\/div>\n\t\t\t\t\t<\/div>\n\t\t\t\t<\/div>\n\t\t<div class=\"elementor-element elementor-element-80be790 e-flex e-con-boxed e-con e-parent\" data-id=\"80be790\" data-element_type=\"container\" data-e-type=\"container\">\n\t\t\t\t\t<div class=\"e-con-inner\">\n\t\t\t\t<div class=\"elementor-element elementor-element-f9c236a elementor-widget elementor-widget-text-editor\" data-id=\"f9c236a\" data-element_type=\"widget\" data-e-type=\"widget\" data-widget_type=\"text-editor.default\">\n\t\t\t\t<div class=\"elementor-widget-container\">\n\t\t\t\t\t\t\t\t\t<p>Gerne schaue ich gemeinsam mit dir in einem pers\u00f6nlichen Gespr\u00e4ch auf die Thematik oder dein Anliegen rund um dein Pferd. Dabei\u00a0kann es sich um bestimmte Verhaltensweisen oder k\u00f6rperliche Symptome handeln \u2013 alles ist willkommen.<\/p><p>\u00a0<\/p><p>Anhand deiner Schilderung und dem daraus entstehenden Gesamtbild w\u00e4hle ich gezielt die passenden Kr\u00e4uter aus. Ist die Zusammenstellung klar, verlasse ich mich nicht nur auf mein fachliches Wissen, sondern auch auf meine Intuition. Jedes Kraut wird dabei genau gewogen \u2013 so entsteht eine exakte Rezeptur, die du bei Bedarf jederzeit erneut bestellen kannst.<\/p><p>\u00a0<\/p><p>Du m\u00f6chtest genauere Informationen oder hast noch offene Fragen? Kontaktiere mich gerne \u2013 ich melde mich so schnell wie m\u00f6glich bei dir und nehme mir Zeit f\u00fcr dein Anliegen.<\/p>\t\t\t\t\t\t\t\t<\/div>\n\t\t\t\t<\/div>\n\t\t\t\t\t<\/div>\n\t\t\t\t<\/div>\n\t\t<div class=\"elementor-element elementor-element-04fcc84 e-flex e-con-boxed e-con e-parent\" data-id=\"04fcc84\" data-element_type=\"container\" data-e-type=\"container\">\n\t\t\t\t\t<div class=\"e-con-inner\">\n\t\t\t\t<div class=\"elementor-element elementor-element-312e30b elementor-align-center elementor-widget elementor-widget-button\" data-id=\"312e30b\" data-element_type=\"widget\" data-e-type=\"widget\" data-widget_type=\"button.default\">\n\t\t\t\t<div class=\"elementor-widget-container\">\n\t\t\t\t\t\t\t\t\t<div class=\"elementor-button-wrapper\">\n\t\t\t\t\t<a class=\"elementor-button elementor-button-link elementor-size-sm\" href=\"https:\/\/move-your-soul.ch\/index.php\/kontakt\/\">\n\t\t\t\t\t\t<span class=\"elementor-button-content-wrapper\">\n\t\t\t\t\t\t\t\t\t<span class=\"elementor-button-text\">Kontaktiere mich!<\/span>\n\t\t\t\t\t<\/span>\n\t\t\t\t\t<\/a>\n\t\t\t\t<\/div>\n\t\t\t\t\t\t\t\t<\/div>\n\t\t\t\t<\/div>\n\t\t\t\t\t<\/div>\n\t\t\t\t<\/div>\n\t\t<div class=\"elementor-element elementor-element-792df7d e-flex e-con-boxed e-con e-parent\" data-id=\"792df7d\" data-element_type=\"container\" data-e-type=\"container\">\n\t\t\t\t\t<div class=\"e-con-inner\">\n\t\t\t\t<div class=\"elementor-element elementor-element-776a0a2 elementor-widget elementor-widget-spacer\" data-id=\"776a0a2\" data-element_type=\"widget\" data-e-type=\"widget\" data-widget_type=\"spacer.default\">\n\t\t\t\t<div class=\"elementor-widget-container\">\n\t\t\t\t\t\t\t<div class=\"elementor-spacer\">\n\t\t\t<div class=\"elementor-spacer-inner\"><\/div>\n\t\t<\/div>\n\t\t\t\t\t\t<\/div>\n\t\t\t\t<\/div>\n\t\t\t\t\t<\/div>\n\t\t\t\t<\/div>\n\t\t<div class=\"elementor-element elementor-element-651e830 e-flex e-con-boxed e-con e-parent\" data-id=\"651e830\" data-element_type=\"container\" data-e-type=\"container\">\n\t\t\t\t\t<div class=\"e-con-inner\">\n\t\t\t\t<div class=\"elementor-element elementor-element-fa09d29 elementor-widget elementor-widget-image\" data-id=\"fa09d29\" data-element_type=\"widget\" data-e-type=\"widget\" data-widget_type=\"image.default\">\n\t\t\t\t<div class=\"elementor-widget-container\">\n\t\t\t\t\t\t\t\t\t\t\t\t\t\t\t<img decoding=\"async\" width=\"800\" height=\"130\" src=\"https:\/\/move-your-soul.ch\/wp-content\/uploads\/2024\/05\/Rahmenlinie-1-1024x166.jpg\" class=\"attachment-large size-large wp-image-7855\" alt=\"\" srcset=\"https:\/\/move-your-soul.ch\/wp-content\/uploads\/2024\/05\/Rahmenlinie-1-1024x166.jpg 1024w, https:\/\/move-your-soul.ch\/wp-content\/uploads\/2024\/05\/Rahmenlinie-1-300x49.jpg 300w, https:\/\/move-your-soul.ch\/wp-content\/uploads\/2024\/05\/Rahmenlinie-1-768x124.jpg 768w, https:\/\/move-your-soul.ch\/wp-content\/uploads\/2024\/05\/Rahmenlinie-1-1536x248.jpg 1536w, https:\/\/move-your-soul.ch\/wp-content\/uploads\/2024\/05\/Rahmenlinie-1-2048x331.jpg 2048w\" sizes=\"(max-width: 800px) 100vw, 800px\" \/>\t\t\t\t\t\t\t\t\t\t\t\t\t\t\t<\/div>\n\t\t\t\t<\/div>\n\t\t\t\t\t<\/div>\n\t\t\t\t<\/div>\n\t\t<div class=\"elementor-element elementor-element-51c2189 e-flex e-con-boxed e-con e-parent\" data-id=\"51c2189\" data-element_type=\"container\" data-e-type=\"container\">\n\t\t\t\t\t<div class=\"e-con-inner\">\n\t\t\t\t<div class=\"elementor-element elementor-element-4c8e423 elementor-widget elementor-widget-spacer\" data-id=\"4c8e423\" data-element_type=\"widget\" data-e-type=\"widget\" data-widget_type=\"spacer.default\">\n\t\t\t\t<div class=\"elementor-widget-container\">\n\t\t\t\t\t\t\t<div class=\"elementor-spacer\">\n\t\t\t<div class=\"elementor-spacer-inner\"><\/div>\n\t\t<\/div>\n\t\t\t\t\t\t<\/div>\n\t\t\t\t<\/div>\n\t\t\t\t\t<\/div>\n\t\t\t\t<\/div>\n\t\t<div class=\"elementor-element elementor-element-365d6a0 e-flex e-con-boxed e-con e-parent\" data-id=\"365d6a0\" data-element_type=\"container\" data-e-type=\"container\">\n\t\t\t\t\t<div class=\"e-con-inner\">\n\t\t<div class=\"elementor-element elementor-element-baf1be7 e-con-full e-flex e-con e-child\" data-id=\"baf1be7\" data-element_type=\"container\" data-e-type=\"container\">\n\t\t\t\t<div class=\"elementor-element elementor-element-fd1ddce elementor-widget elementor-widget-spacer\" data-id=\"fd1ddce\" data-element_type=\"widget\" data-e-type=\"widget\" data-widget_type=\"spacer.default\">\n\t\t\t\t<div class=\"elementor-widget-container\">\n\t\t\t\t\t\t\t<div class=\"elementor-spacer\">\n\t\t\t<div class=\"elementor-spacer-inner\"><\/div>\n\t\t<\/div>\n\t\t\t\t\t\t<\/div>\n\t\t\t\t<\/div>\n\t\t\t\t<div class=\"elementor-element elementor-element-b89963f elementor-widget elementor-widget-heading\" data-id=\"b89963f\" data-element_type=\"widget\" data-e-type=\"widget\" data-widget_type=\"heading.default\">\n\t\t\t\t<div class=\"elementor-widget-container\">\n\t\t\t\t\t<h2 class=\"elementor-heading-title elementor-size-default\">Preis<\/h2>\t\t\t\t<\/div>\n\t\t\t\t<\/div>\n\t\t\t\t<div class=\"elementor-element elementor-element-a82e52a elementor-widget elementor-widget-text-editor\" data-id=\"a82e52a\" data-element_type=\"widget\" data-e-type=\"widget\" data-widget_type=\"text-editor.default\">\n\t\t\t\t<div class=\"elementor-widget-container\">\n\t\t\t\t\t\t\t\t\t<p>So individuell wie die Kr\u00e4utermischung selbst, so flexibel gestaltet sich auch der Preis. Grunds\u00e4tzlich setzt er sich aus zwei Komponenten zusammen:<\/p><p>\u00a0<\/p><ul><li><p><strong>Kr\u00e4uterpreis:<\/strong> Die Kosten f\u00fcr die verwendeten Kr\u00e4uter berechne ich exakt nach ihrem Gewicht und dem jeweiligen Kilopreis. So ergibt sich ein transparenter Grundpreis, abgestimmt auf die Zusammensetzung deiner pers\u00f6nlichen Mischung.<\/p><\/li><li><p><strong>Pauschale f\u00fcr Arbeit &#038; Material:<\/strong> Zus\u00e4tzlich kommt eine kleine Pauschale hinzu, die meine Arbeitszeit, das sorgf\u00e4ltige Abwiegen und Mischen, sowie Verpackung und Materialien ber\u00fccksichtigt.<\/p><\/li><\/ul><p>\u00a0<\/p><p>So kannst du sicher sein: Du erh\u00e4ltst ein hochwertiges Produkt, individuell f\u00fcr dein Tier zusammengestellt<\/p>\t\t\t\t\t\t\t\t<\/div>\n\t\t\t\t<\/div>\n\t\t\t\t<div class=\"elementor-element elementor-element-0cadde5 elementor-widget elementor-widget-spacer\" data-id=\"0cadde5\" data-element_type=\"widget\" data-e-type=\"widget\" data-widget_type=\"spacer.default\">\n\t\t\t\t<div class=\"elementor-widget-container\">\n\t\t\t\t\t\t\t<div class=\"elementor-spacer\">\n\t\t\t<div class=\"elementor-spacer-inner\"><\/div>\n\t\t<\/div>\n\t\t\t\t\t\t<\/div>\n\t\t\t\t<\/div>\n\t\t\t\t<div class=\"elementor-element elementor-element-d6b02e8 elementor-align-center elementor-widget elementor-widget-button\" data-id=\"d6b02e8\" data-element_type=\"widget\" data-e-type=\"widget\" data-widget_type=\"button.default\">\n\t\t\t\t<div class=\"elementor-widget-container\">\n\t\t\t\t\t\t\t\t\t<div class=\"elementor-button-wrapper\">\n\t\t\t\t\t<a class=\"elementor-button elementor-button-link elementor-size-sm\" href=\"mailto:celine.deutsch@bluewin.ch?subject=Kr\u00e4utermischung%20bestellen\">\n\t\t\t\t\t\t<span class=\"elementor-button-content-wrapper\">\n\t\t\t\t\t\t\t\t\t<span class=\"elementor-button-text\">MISCHUNG BESTELLEN<\/span>\n\t\t\t\t\t<\/span>\n\t\t\t\t\t<\/a>\n\t\t\t\t<\/div>\n\t\t\t\t\t\t\t\t<\/div>\n\t\t\t\t<\/div>\n\t\t\t\t<\/div>\n\t\t\t\t\t<\/div>\n\t\t\t\t<\/div>\n\t\t\t\t<section class=\"elementor-section elementor-top-section elementor-element elementor-element-c559a11 elementor-section-boxed elementor-section-height-default elementor-section-height-default\" data-id=\"c559a11\" data-element_type=\"section\" data-e-type=\"section\">\n\t\t\t\t\t\t<div class=\"elementor-container elementor-column-gap-default\">\n\t\t\t\t\t<div class=\"elementor-column elementor-col-100 elementor-top-column elementor-element elementor-element-1c562e3\" data-id=\"1c562e3\" data-element_type=\"column\" data-e-type=\"column\">\n\t\t\t<div class=\"elementor-widget-wrap elementor-element-populated\">\n\t\t\t\t\t\t<div class=\"elementor-element elementor-element-1c0c200 elementor-widget elementor-widget-spacer\" data-id=\"1c0c200\" data-element_type=\"widget\" data-e-type=\"widget\" data-widget_type=\"spacer.default\">\n\t\t\t\t<div class=\"elementor-widget-container\">\n\t\t\t\t\t\t\t<div class=\"elementor-spacer\">\n\t\t\t<div class=\"elementor-spacer-inner\"><\/div>\n\t\t<\/div>\n\t\t\t\t\t\t<\/div>\n\t\t\t\t<\/div>\n\t\t\t\t\t<\/div>\n\t\t<\/div>\n\t\t\t\t\t<\/div>\n\t\t<\/section>\n\t\t\t\t<\/div>\n\t\t","protected":false},"excerpt":{"rendered":"<p>Mein Angebot Deine individuelle Kr\u00e4utermischung Gerne schaue ich gemeinsam mit dir in einem pers\u00f6nlichen Gespr\u00e4ch auf die Thematik oder dein Anliegen rund um dein Pferd. Dabei\u00a0kann es sich um bestimmte Verhaltensweisen oder k\u00f6rperliche Symptome handeln \u2013 alles ist willkommen. \u00a0 Anhand deiner Schilderung und dem daraus entstehenden Gesamtbild w\u00e4hle ich gezielt die passenden Kr\u00e4uter aus. [&hellip;]<\/p>\n","protected":false},"author":2,"featured_media":0,"parent":0,"menu_order":0,"comment_status":"closed","ping_status":"closed","template":"elementor_header_footer","meta":{"footnotes":""},"folder":[27,28],"class_list":["post-8164","page","type-page","status-publish","hentry"],"yoast_head":"<!-- This site is optimized with the Yoast SEO plugin v26.6 - https:\/\/yoast.com\/wordpress\/plugins\/seo\/ -->\n<title>ANGEBOT - Move your Soul by Celine Deutsch<\/title>\n<meta name=\"robots\" content=\"index, follow, max-snippet:-1, max-image-preview:large, max-video-preview:-1\" \/>\n<link rel=\"canonical\" href=\"https:\/\/move-your-soul.ch\/index.php\/angebot-7\/\" \/>\n<meta property=\"og:locale\" content=\"de_DE\" \/>\n<meta property=\"og:type\" content=\"article\" \/>\n<meta property=\"og:title\" content=\"ANGEBOT - Move your Soul by Celine Deutsch\" \/>\n<meta property=\"og:description\" content=\"Mein Angebot Deine individuelle Kr\u00e4utermischung Gerne schaue ich gemeinsam mit dir in einem pers\u00f6nlichen Gespr\u00e4ch auf die Thematik oder dein Anliegen rund um dein Pferd. Dabei\u00a0kann es sich um bestimmte Verhaltensweisen oder k\u00f6rperliche Symptome handeln \u2013 alles ist willkommen. \u00a0 Anhand deiner Schilderung und dem daraus entstehenden Gesamtbild w\u00e4hle ich gezielt die passenden Kr\u00e4uter aus. [&hellip;]\" \/>\n<meta property=\"og:url\" content=\"https:\/\/move-your-soul.ch\/index.php\/angebot-7\/\" \/>\n<meta property=\"og:site_name\" content=\"Move your Soul by Celine Deutsch\" \/>\n<meta property=\"article:modified_time\" content=\"2025-07-13T11:35:00+00:00\" \/>\n<meta property=\"og:image\" content=\"https:\/\/move-your-soul.ch\/wp-content\/uploads\/2025\/06\/Kraeuter-Titelbild-scaled.jpg\" \/>\n\t<meta property=\"og:image:width\" content=\"2560\" \/>\n\t<meta property=\"og:image:height\" content=\"881\" \/>\n\t<meta property=\"og:image:type\" content=\"image\/jpeg\" \/>\n<meta name=\"twitter:card\" content=\"summary_large_image\" \/>\n<meta name=\"twitter:label1\" content=\"Gesch\u00e4tzte Lesezeit\" \/>\n\t<meta name=\"twitter:data1\" content=\"2\u00a0Minuten\" \/>\n<script type=\"application\/ld+json\" class=\"yoast-schema-graph\">{\"@context\":\"https:\/\/schema.org\",\"@graph\":[{\"@type\":\"WebPage\",\"@id\":\"https:\/\/move-your-soul.ch\/index.php\/angebot-7\/\",\"url\":\"https:\/\/move-your-soul.ch\/index.php\/angebot-7\/\",\"name\":\"ANGEBOT - Move your Soul by Celine Deutsch\",\"isPartOf\":{\"@id\":\"https:\/\/move-your-soul.ch\/#website\"},\"primaryImageOfPage\":{\"@id\":\"https:\/\/move-your-soul.ch\/index.php\/angebot-7\/#primaryimage\"},\"image\":{\"@id\":\"https:\/\/move-your-soul.ch\/index.php\/angebot-7\/#primaryimage\"},\"thumbnailUrl\":\"https:\/\/move-your-soul.ch\/wp-content\/uploads\/2025\/06\/Kraeuter-Titelbild-1024x353.jpg\",\"datePublished\":\"2025-06-20T13:19:55+00:00\",\"dateModified\":\"2025-07-13T11:35:00+00:00\",\"breadcrumb\":{\"@id\":\"https:\/\/move-your-soul.ch\/index.php\/angebot-7\/#breadcrumb\"},\"inLanguage\":\"de\",\"potentialAction\":[{\"@type\":\"ReadAction\",\"target\":[\"https:\/\/move-your-soul.ch\/index.php\/angebot-7\/\"]}]},{\"@type\":\"ImageObject\",\"inLanguage\":\"de\",\"@id\":\"https:\/\/move-your-soul.ch\/index.php\/angebot-7\/#primaryimage\",\"url\":\"https:\/\/move-your-soul.ch\/wp-content\/uploads\/2025\/06\/Kraeuter-Titelbild-scaled.jpg\",\"contentUrl\":\"https:\/\/move-your-soul.ch\/wp-content\/uploads\/2025\/06\/Kraeuter-Titelbild-scaled.jpg\",\"width\":2560,\"height\":881,\"caption\":\"Design ohne Titel - 1\"},{\"@type\":\"BreadcrumbList\",\"@id\":\"https:\/\/move-your-soul.ch\/index.php\/angebot-7\/#breadcrumb\",\"itemListElement\":[{\"@type\":\"ListItem\",\"position\":1,\"name\":\"Startseite\",\"item\":\"https:\/\/move-your-soul.ch\/\"},{\"@type\":\"ListItem\",\"position\":2,\"name\":\"ANGEBOT\"}]},{\"@type\":\"WebSite\",\"@id\":\"https:\/\/move-your-soul.ch\/#website\",\"url\":\"https:\/\/move-your-soul.ch\/\",\"name\":\"Move your Soul by Celine Deutsch\",\"description\":\"Celine Deutsch\",\"publisher\":{\"@id\":\"https:\/\/move-your-soul.ch\/#organization\"},\"potentialAction\":[{\"@type\":\"SearchAction\",\"target\":{\"@type\":\"EntryPoint\",\"urlTemplate\":\"https:\/\/move-your-soul.ch\/?s={search_term_string}\"},\"query-input\":{\"@type\":\"PropertyValueSpecification\",\"valueRequired\":true,\"valueName\":\"search_term_string\"}}],\"inLanguage\":\"de\"},{\"@type\":\"Organization\",\"@id\":\"https:\/\/move-your-soul.ch\/#organization\",\"name\":\"Move your Soul by Celine Deutsch\",\"url\":\"https:\/\/move-your-soul.ch\/\",\"logo\":{\"@type\":\"ImageObject\",\"inLanguage\":\"de\",\"@id\":\"https:\/\/move-your-soul.ch\/#\/schema\/logo\/image\/\",\"url\":\"https:\/\/move-your-soul.ch\/wp-content\/uploads\/2022\/08\/Logo.png\",\"contentUrl\":\"https:\/\/move-your-soul.ch\/wp-content\/uploads\/2022\/08\/Logo.png\",\"width\":1563,\"height\":1563,\"caption\":\"Move your Soul by Celine Deutsch\"},\"image\":{\"@id\":\"https:\/\/move-your-soul.ch\/#\/schema\/logo\/image\/\"}}]}<\/script>\n<!-- \/ Yoast SEO plugin. -->","yoast_head_json":{"title":"ANGEBOT - Move your Soul by Celine Deutsch","robots":{"index":"index","follow":"follow","max-snippet":"max-snippet:-1","max-image-preview":"max-image-preview:large","max-video-preview":"max-video-preview:-1"},"canonical":"https:\/\/move-your-soul.ch\/index.php\/angebot-7\/","og_locale":"de_DE","og_type":"article","og_title":"ANGEBOT - Move your Soul by Celine Deutsch","og_description":"Mein Angebot Deine individuelle Kr\u00e4utermischung Gerne schaue ich gemeinsam mit dir in einem pers\u00f6nlichen Gespr\u00e4ch auf die Thematik oder dein Anliegen rund um dein Pferd. Dabei\u00a0kann es sich um bestimmte Verhaltensweisen oder k\u00f6rperliche Symptome handeln \u2013 alles ist willkommen. \u00a0 Anhand deiner Schilderung und dem daraus entstehenden Gesamtbild w\u00e4hle ich gezielt die passenden Kr\u00e4uter aus. [&hellip;]","og_url":"https:\/\/move-your-soul.ch\/index.php\/angebot-7\/","og_site_name":"Move your Soul by Celine Deutsch","article_modified_time":"2025-07-13T11:35:00+00:00","og_image":[{"width":2560,"height":881,"url":"https:\/\/move-your-soul.ch\/wp-content\/uploads\/2025\/06\/Kraeuter-Titelbild-scaled.jpg","type":"image\/jpeg"}],"twitter_card":"summary_large_image","twitter_misc":{"Gesch\u00e4tzte Lesezeit":"2\u00a0Minuten"},"schema":{"@context":"https:\/\/schema.org","@graph":[{"@type":"WebPage","@id":"https:\/\/move-your-soul.ch\/index.php\/angebot-7\/","url":"https:\/\/move-your-soul.ch\/index.php\/angebot-7\/","name":"ANGEBOT - Move your Soul by Celine Deutsch","isPartOf":{"@id":"https:\/\/move-your-soul.ch\/#website"},"primaryImageOfPage":{"@id":"https:\/\/move-your-soul.ch\/index.php\/angebot-7\/#primaryimage"},"image":{"@id":"https:\/\/move-your-soul.ch\/index.php\/angebot-7\/#primaryimage"},"thumbnailUrl":"https:\/\/move-your-soul.ch\/wp-content\/uploads\/2025\/06\/Kraeuter-Titelbild-1024x353.jpg","datePublished":"2025-06-20T13:19:55+00:00","dateModified":"2025-07-13T11:35:00+00:00","breadcrumb":{"@id":"https:\/\/move-your-soul.ch\/index.php\/angebot-7\/#breadcrumb"},"inLanguage":"de","potentialAction":[{"@type":"ReadAction","target":["https:\/\/move-your-soul.ch\/index.php\/angebot-7\/"]}]},{"@type":"ImageObject","inLanguage":"de","@id":"https:\/\/move-your-soul.ch\/index.php\/angebot-7\/#primaryimage","url":"https:\/\/move-your-soul.ch\/wp-content\/uploads\/2025\/06\/Kraeuter-Titelbild-scaled.jpg","contentUrl":"https:\/\/move-your-soul.ch\/wp-content\/uploads\/2025\/06\/Kraeuter-Titelbild-scaled.jpg","width":2560,"height":881,"caption":"Design ohne Titel - 1"},{"@type":"BreadcrumbList","@id":"https:\/\/move-your-soul.ch\/index.php\/angebot-7\/#breadcrumb","itemListElement":[{"@type":"ListItem","position":1,"name":"Startseite","item":"https:\/\/move-your-soul.ch\/"},{"@type":"ListItem","position":2,"name":"ANGEBOT"}]},{"@type":"WebSite","@id":"https:\/\/move-your-soul.ch\/#website","url":"https:\/\/move-your-soul.ch\/","name":"Move your Soul by Celine Deutsch","description":"Celine Deutsch","publisher":{"@id":"https:\/\/move-your-soul.ch\/#organization"},"potentialAction":[{"@type":"SearchAction","target":{"@type":"EntryPoint","urlTemplate":"https:\/\/move-your-soul.ch\/?s={search_term_string}"},"query-input":{"@type":"PropertyValueSpecification","valueRequired":true,"valueName":"search_term_string"}}],"inLanguage":"de"},{"@type":"Organization","@id":"https:\/\/move-your-soul.ch\/#organization","name":"Move your Soul by Celine Deutsch","url":"https:\/\/move-your-soul.ch\/","logo":{"@type":"ImageObject","inLanguage":"de","@id":"https:\/\/move-your-soul.ch\/#\/schema\/logo\/image\/","url":"https:\/\/move-your-soul.ch\/wp-content\/uploads\/2022\/08\/Logo.png","contentUrl":"https:\/\/move-your-soul.ch\/wp-content\/uploads\/2022\/08\/Logo.png","width":1563,"height":1563,"caption":"Move your Soul by Celine Deutsch"},"image":{"@id":"https:\/\/move-your-soul.ch\/#\/schema\/logo\/image\/"}}]}},"_links":{"self":[{"href":"https:\/\/move-your-soul.ch\/index.php\/wp-json\/wp\/v2\/pages\/8164","targetHints":{"allow":["GET"]}}],"collection":[{"href":"https:\/\/move-your-soul.ch\/index.php\/wp-json\/wp\/v2\/pages"}],"about":[{"href":"https:\/\/move-your-soul.ch\/index.php\/wp-json\/wp\/v2\/types\/page"}],"author":[{"embeddable":true,"href":"https:\/\/move-your-soul.ch\/index.php\/wp-json\/wp\/v2\/users\/2"}],"replies":[{"embeddable":true,"href":"https:\/\/move-your-soul.ch\/index.php\/wp-json\/wp\/v2\/comments?post=8164"}],"version-history":[{"count":34,"href":"https:\/\/move-your-soul.ch\/index.php\/wp-json\/wp\/v2\/pages\/8164\/revisions"}],"predecessor-version":[{"id":8336,"href":"https:\/\/move-your-soul.ch\/index.php\/wp-json\/wp\/v2\/pages\/8164\/revisions\/8336"}],"wp:attachment":[{"href":"https:\/\/move-your-soul.ch\/index.php\/wp-json\/wp\/v2\/media?parent=8164"}],"wp:term":[{"taxonomy":"folder","embeddable":true,"href":"https:\/\/move-your-soul.ch\/index.php\/wp-json\/wp\/v2\/folder?post=8164"}],"curies":[{"name":"wp","href":"https:\/\/api.w.org\/{rel}","templated":true}]}}